nits digit of k?
7
Suppose -2*n - 4 + 16 = 0. Suppose -n - 6 = -4*g. What is the tens digit of (-2)/g - (-1715)/21?
8
Suppose 27 = 2*a + 3*o, 16 = -40*a + 41*a + o. Suppose -7434 = 15*u - a*u. What is the thousands digit of u?
1
Let i = 64464 + -39416. What is the thousands digit of i?
5
What is the thousands digit of -10 - (1 + 7) - -23442?
3
Suppose -8*b = -12*b + 36. Let r be ((-282)/b)/(2/(-3)). Suppose 0 = 2*f - 3*z - 2*z - r, -78 = -3*f + 5*z. What is the units digit of f?
1
Let w = -15306 - -35882. What is the hundreds digit of w?
5
Let s = -1 + 1. Let u be (1 - 4)*17/(-17). Suppose -2*h = 3*f - 178, 5*f + u*h - 71 - 227 = s. What is the units digit of f?
2
Let f(a) = 1047*a + 71. What is the thousands digit of f(3)?
3
Let t be (-2)/6 - 7/(-3). Suppose y + n + 12 = t*y, y - 4*n = 9. Suppose -y*h + 230 = -1057. What is the units digit of h?
9
Suppose h - 3*w - 2*w = -7, 2*w - 12 = 5*h. What is the hundreds digit of -3*(-100 + -2) - (-2)/h?
3
Suppose 506187 = -12*p + 29*p - 6*p. What is the units digit of p?
7
Let i = 36104 - 25781. What is the ten thousands digit of i?
1
Let y = 94 + -95. Let n(c) = c + 1. Let o be n(y). Suppose -4*r + o*r = 4*s - 468, -463 = -4*s + r. What is the units digit of s?
6
Let b be ((-5)/2)/((-6)/12). Suppose -160 = -w - b*u - 0*u, 4*w - 760 = 4*u. Suppose 0 = -25*d + 20*d + w. What is the tens digit of d?
3
Let l be 108/4 + 6 + (-3 - 4). What is the tens digit of (-27 + l)/(3/(-2020 - -1))?
7
Let p be 560/(-12) - (13/3 + -4). Let i = -27 - -50. Let u = i - p. What is the units digit of u?
0
Let s be -104*(-1 + 5/(-4)). Suppose -4*w + 12 - 2 = -5*d, -2*w = -3*d - 4. Suppose d*f + s = 4*a, -9*f + 10*f = -4*a + 231. What is the tens digit of a?
5
Let y = 3534 + -6309. Suppose -5*t - 12 = -8*t. What is the units digit of y/(-60) + (-1)/t?
6
Let c be -1 + 5 - -8*2/(-8). Suppose 2*h = -2*z + 54, c*z + 3*z = 20. What is the tens digit of h?
2
Suppose 0 = -c - 0 + 46. Let t = c - 26. Let j(z) = z**2 - 19*z + 58. What is the tens digit of j(t)?
7
Let l be ((14/5)/(-7))/(1/5). Let w(h) = -77*h**3 - 5*h**2 - 8*h - 6. Let t be w(l). Suppose 0 = 18*q - t - 600. What is the units digit of q?
7
Suppose 5*g = q - 3336, 5573 = -4*q - 2*g + 18829. What is the thousands digit of q?
3
Suppose -363 = 31*d - 32*d + 4*b, 1113 = 3*d - 4*b. Suppose -3*y = -18 + 6. Suppose -y*o - 15 = -2*h - 313, -5*o + d = -5*h. What is the units digit of o?
4
Suppose 61*j - 687366 + 217998 = 20*j. What is the hundreds digit of j?
4
Let p(n) = 19*n + 34. Let c(b) = -19*b - 34. Let s(k) = -3*c(k) - 2*p(k). Let r be s(-10). Let m = -93 - r. What is the tens digit of m?
6
Suppose 1029 = -4*b + 1045, z - 9228 = 2*b. What is the units digit of z?
6
Suppose 8*g = 7*m - 5*m + 2806, -2*g + 4*m = -684. What is the tens digit of 12/(-42) + g/7?
5
Let m be (-1 + 0)/(1/(-49)). Let d = -51 + m. What is the units digit of (-4 + -21)*2/d?
5
Let f(p) be the second derivative of -p**3/6 - 13*p**2/2 + 3*p. Let d be f(-14). What is the units digit of ((-424)/(-32))/((-5)/(-4) - d)?
3
What is the units digit of (265160/(-200))/((-3)/15)?
9
What is the thousands digit of (-58284)/(-20)*30/18?
4
Let c = -20 - -23. Let o be (c/6)/((-2)/(-292)). Let l = 143 - o. What is the tens digit of l?
7
Let v = 82 - -51. Suppose -v*h = -141*h + 3152. What is the units digit of h?
4
Suppose -5*w + 313*h + 58468 = 314*h, -5*w - 5*h + 58480 = 0. What is the hundreds digit of w?
6
Let f(w) = 18 + w + w**2 + 0*w - 6*w - 22. Let p(j) = -j**2 + 3*j - 7. Let a be p(2). What is the tens digit of f(a)?
4
Let l(n) = -4*n + 81. Suppose 31*i - 162 = 40*i. What is the tens digit of l(i)?
5
Let k(u) = -5*u**3 + 14*u**2 - 3*u - 261. What is the thousands digit of k(-14)?
6
Let o(d) = 4*d**2 + 8*d - 158. Let w be o(10). Suppose 3*y + w = j, -j + 322 = -5*y + 3*y. What is the tens digit of j?
2
Let u = -37207 + 86057. What is the hundreds digit of u?
8
Let x(n) = n**3 - 15*n**2 - 19*n + 38. Let q be x(16). Let b(t) = 2*t**2 - 3*t - 32. What is the tens digit of b(q)?
9
Suppose 99 = 3*j + 6*j. Suppose 10*b + 113 = j*b. What is the units digit of b?
3
Let p be (-19)/((3 + -2)/(-1)). Suppose 10*n + 1089 = p*n. What is the units digit of n?
1
Suppose 25*p - 9*p = 384. Let g(l) = -l**2 + 25*l + 46. What is the tens digit of g(p)?
7
What is the thousands digit of (-24406)/(-4) + (-21)/(1050/(-25))?
6
Let z(j) = -3*j**3 - 13*j**2 - 4*j - 2. Let x = 119 - 126. What is the units digit of z(x)?
8
Suppose -3*v - 45 = -2*j, 11*j = -4*v + 16*j - 67. What is the thousands digit of 5767/4 + v/(-52)?
1
Let l(r) = -r**3 - 153*r**2 + 105*r - 55. What is the thousands digit of l(-157)?
2
Suppose 0 = -3*g - 176 + 1277. Suppose 2*t = 3*t - g. What is the tens digit of t?
6
Let j(y) = 18 - 4*y**2 + 0 + 5*y**2 - 22*y - 3. Let b be j(21). What is the tens digit of b*226/(-12)*1?
1
Suppose -3*t + 37 = -14. Let s = -13 + t. What is the units digit of ((-54)/s)/((-135)/(-48) + -3)?
2
Let a be (46 - -551) + (-16)/(-2). Suppose -5*h + 3957 = -v - a, -v + 1822 = 2*h. What is the tens digit of h?
1
Let g be (-9 + 5 - 4)/(-2). Suppose -20 = -g*k + 8*k, -o - k = -271. What is the hundreds digit of o?
2
Suppose 6*k + 5364 = 11*k - 7481. What is the tens digit of k?
6
Let i(r) = -337*r - 5. Let v(q) = -7*q + 13. Let t be v(2). What is the units digit of i(t)?
2
Let s = -3840 + 8051. What is the hundreds digit of s?
2
Suppose 0 = 4*a - 2*a - 6. Let f = 1360 + -1355. Suppose -a*i + 346 = f*b, -b + i = 2*i - 68. What is the units digit of b?
1
Let d(p) = -5*p + 54. Let y be d(12). Let u(i) = 8*i**2 + 22*i + 21. What is the units digit of u(y)?
7
Let b = -19640 - -27940. Suppose 0 = 23*v - 3*v - b. What is the units digit of v?
5
Suppose 0 = 41*l - 3957 - 1086. What is the hundreds digit of l?
1
Let n = 16492 - 10891. What is the hundreds digit of n?
6
Let p(b) = b + 6. Let j be p(-6). Suppose 0 = -45*r + 41*r - 76. Let o = j - r. What is the units digit of o?
9
Let f be ((-3 - 598) + -1)/((-7)/28). Suppose 7*s - 4*s - f = k, -3*s = 2*k - 2402. What is the hundreds digit of s?
8
What is the hundreds digit of ((-6255)/25)/(4/(-100))?
2
Let l(i) = 9*i**2 - 20*i - 7. Let z be l(3). Suppose -z*d + 2906 = -12*d. What is the tens digit of d?
5
Let r be (2/(-6))/((-6)/(-234)). Let t = r + 412. What is the hundreds digit of t?
3
Suppose 14 = 5*b - h, -5*b + b + 28 = -5*h. Let s be (57/38)/(b/4). Suppose 0 = -s*u + 758 - 2. What is the tens digit of u?
5
Let k(x) = -x**2 + 18*x. Let z be k(18). What is the tens digit of 3 - z - 852/(-6)?
4
What is the hundreds digit of 128/160 + ((-988680)/(-25) - -3)?
5
Suppose 44 = q + 5. What is the units digit of (-18)/117 - (135/q)/(-3)?
1
Suppose 5*l - j - 360 = 0, -5*l + 4*j = -31 - 329. Let h be ((0 - -1)*-1)/((-8)/l). Suppose -h*k + 2*k = -1176. What is the hundreds digit of k?
1
Let i = 9 + -1. Let k(x) = x**3 + x**2 + 4*x + 12. What is the units digit of k(i)?
0
Let c = 10973 + -9879. What is the tens digit of c?
9
Suppose 0 = -8*r - r + 17253. Suppose -j + r = 1058. What is the tens digit of j?
5
Suppose -2*m + 14 = 4*s, s + 2*m - 5 = -3. Suppose 186 = 4*r - 5*l - 63, -s*r - 5*l + 239 = 0. Let i = 118 - r. What is the tens digit of i?
5
Suppose 0 = -2*m - 3*n + 19, 4*m + 10*n - 7*n - 29 = 0. Suppose 4*p - 2*t = 2138, -m*p + 120 = -4*t - 2548. What is the tens digit of p?
3
Suppose 33 = 16*f - 207. Suppose 0 = f*b - 26*b + 5390. What is the units digit of b?
0
Let n be (-1*6/(-18))/((-2)/6). Let m(d) = -10*d + 37. Let f(t) = -t. Let x(w) = n*m(w) - 4*f(w). What is the tens digit of x(11)?
1
Suppose -6 = 74*n - 77*n. Let q be 6/(-21) - 4/(-14). Suppose n - 104 = -b + 4*a, q = 5*a + 10. What is the units digit of b?
4
What is the tens digit of (-2 - 2)*((-49092300)/(-80))/(-45)?
4
Let d = 14511 + 11815. What is the thousands digit of d?
6
Let u = 465 + -247. Let g be 438 - ((-42)/8 + 16/64). Let r = g - u. What is the tens digit of r?
2
Let d = -20316 + 78385. What is the units digit of d?
9
Let a(z) = z - 36. Let s(i) = 5*i - 101. Let c(r) = -7*a(r) + 2*s(r). Suppose f = 4*f. What is the tens digit of c(f)?
5
Suppose 0 = -4*z + 5*o - 2067 - 1072, -5*z + o = 3929. Let u = z - -1306. What is the tens digit of u?
2
Suppose 3*b = 4*u + 16569 + 9479, -5*b - 2*u = -43396. What is the thousands digit of b?
8